 = -119 - x. What is the hundreds digit of n?
1
Suppose 1251 = 60*j - 57*j. What is the tens digit of j?
1
Suppose a - 283 - 1324 = 0. What is the tens digit of a?
0
Suppose -31*t = -36*t - 10. Let g = t + 44. What is the units digit of g?
2
Let v be (-2)/12 - (-13)/6. What is the units digit of 0 + v + (4 - -58)?
4
Suppose -5*o = c + 7, -3*o + 27 = -2*c + 78. Suppose 0 = -j - j - 16. Let i = c - j. What is the units digit of i?
6
Suppose -646 = 15*a - 3286. What is the hundreds digit of a?
1
Suppose 4*a + h - 78 = -2*h, 5*a - 107 = h. Suppose -t + 73 = a. What is the tens digit of t?
5
What is the units digit of 500/1375 - (-58072)/22?
0
Let k(x) = -x**2 + 6. Let u be k(0). Let a(i) = -i**3 + i**2 + i + 3. Let t(m) = -m**2 + m - 1. Let b(v) = -a(v) + 5*t(v). What is the tens digit of b(u)?
1
What is the thousands digit of 27*(10/(-15) + 149/3)?
1
Suppose 25 = -3*v - 41. Let h = 22 + v. What is the units digit of h + -3 + 0 - -50?
7
Let d(t) = 3*t**3 - 6*t**2 + 6*t - 7. Let z be d(4). Suppose -2*w + 5*w - 4*n = -227, 0 = 3*w + 3*n + 213. Let c = w + z. What is the units digit of c?
0
Let v(j) = j**3 - 6*j**2. Let y be v(6). Suppose y = o - 39 - 77. Suppose -2*a + 53 = -i, -a - 4*i - o = -5*a. What is the units digit of a?
4
Suppose -4*s = -4*l + 336, -4*s + 1 = 9. What is the units digit of l?
2
What is the tens digit of (-23)/138 - 49166/(-12)?
9
Suppose 63*x - 17*x = 21942. What is the hundreds digit of x?
4
Let u = -34 + 1298. Suppose 25*a = 17*a + u. What is the units digit of a?
8
Let y be ((-9)/6 + 2)*14. Suppose y + 129 = i. Suppose 6*d - i = -16. What is the units digit of d?
0
Suppose p - 11 = -8. Let a(f) = -1 + 4*f + 2 + f. What is the tens digit of a(p)?
1
Suppose 0*a - 3*a + 339 = n, 3*a + 1356 = 4*n. What is the hundreds digit of n?
3
What is the tens digit of 4*(-2)/(-4) + (9 - -1206)?
1
Let b be (0 - 4)/(-4) + -5. Let c be (-1356)/45 - b/30. Let q = c - -52. What is the tens digit of q?
2
Let i = -4 - -9. Suppose -a = -0*a - 3*t - 29, 0 = i*a - 5*t - 155. What is the units digit of a?
2
Let c(v) = 118*v + 78. What is the hundreds digit of c(2)?
3
Suppose 7*a - 3*a - 8 = 0. Suppose a*l - 32 - 24 = 0. What is the tens digit of l?
2
Let w be 5525/20 + (-5)/((-20)/3). Suppose u + 2*y = w, 5*u - 435 - 922 = 4*y. What is the tens digit of u?
7
Let r = 29 - 33. Let w(x) = x**3 + 4*x**2 - 3*x - 3. What is the units digit of w(r)?
9
Suppose m = 13 + 7. Suppose 6*h = h + m. Suppose 40 + 196 = h*d. What is the tens digit of d?
5
Let f be 1/((2 - 0)/(-12)). Let n(q) = -q - 4. Let k be n(f). Suppose k*s = 5*s - 36. What is the tens digit of s?
1
Let k(a) = 2*a - 14. Let r be k(9). Let w(x) = -3 - 2 + 5*x + x**2 + 3*x - 5*x. What is the units digit of w(r)?
3
Let c(d) = 12*d**2 + 17*d + 16. What is the units digit of c(13)?
5
Let q = 4407 - 2223. What is the thousands digit of q?
2
Let h = 826 + -470. What is the units digit of h?
6
Let k(j) = 3*j**2 + 3*j - 3. Let y be k(-5). Suppose 4*l - 3*l = -2*z + 45, 48 = l + 3*z. Let p = y - l. What is the tens digit of p?
1
Let c(i) = -145*i - 54. What is the hundreds digit of c(-4)?
5
Suppose 12 = -7*k + 11*k. Suppose -w + 2*q - 4*q + 109 = 0, 0 = k*w + 5*q - 326. What is the units digit of w?
7
Let x be (1260 - -10)*1/2. Let t = x + -441. What is the hundreds digit of t?
1
Let o(p) = -p**2 - 14*p - 14. Suppose 16 = -5*t + 56. Let s be (t/2 - 19) + 3. What is the units digit of o(s)?
0
Suppose 2*c = 5*h + 408, -2*c + 565 - 173 = -h. What is the tens digit of c?
9
Let d(l) = 154*l + 161. What is the tens digit of d(11)?
5
Let z(i) = -2*i**3 - 5*i**2 - 4*i. Let o be z(3). Let n = o - -185. What is the tens digit of n?
7
Suppose -t - 10 - 8 = 0. Suppose g + 14 = 2*v, 4*g - 3*v + 26 + 25 = 0. What is the tens digit of g/54 + (-706)/t?
3
Let n = -99 - -62. Let x = n - -63. Suppose -p + x = z, 0*p + 23 = p + 2*z. What is the tens digit of p?
2
Let u(z) be the third derivative of z**5/12 - 5*z**4/12 - 3*z**3 - 29*z**2. What is the hundreds digit of u(7)?
1
Suppose 0 = -9*z + 14*z + 30. Let a be (3/z)/(1/(-18)). Suppose 55 = -a*j + 595. What is the tens digit of j?
6
Let p = 614 - 362. What is the units digit of p?
2
Let n(w) = -w - 6. Let b be n(0). Let q be (1 + b/3)*31. Let x = 63 + q. What is the tens digit of x?
3
Let f(v) be the first derivative of 4*v**3/3 + 2*v - 12. What is the units digit of f(-3)?
8
Let b = -7 - -5. Let t be (-306)/(-39) - (40/(-52))/5. What is the tens digit of -9*(b - t - -3)?
6
Let p = 21 - 17. Suppose 0 = -7*x + 32 - p. What is the units digit of x?
4
Let n(d) be the third derivative of -11*d**4/24 + 29*d**3/6 + 6*d**2. Let h(j) = 6*j - 14. Let c(i) = -5*h(i) - 3*n(i). What is the units digit of c(17)?
4
Let a be ((-18)/5)/((-2)/20). Let s = 26 + a. What is the units digit of s?
2
Suppose 8*r - 5*r - 15 = 0. Let l = 7 - r. What is the units digit of l?
2
Let n = 1564 - 415. What is the hundreds digit of n?
1
Suppose -3*l = 2*j + 146, 230 = -3*j - 4*l + 5*l. Let f(h) = -15*h - 98. Let c be f(-15). Let m = j + c. What is the tens digit of m?
5
Let w = -3414 + 5319. What is the hundreds digit of w?
9
Suppose k - 6*k + 40 = 0. Suppose 3*l - k = -3*q - 2, -3 = 3*q. What is the tens digit of 2/l*(-252)/(-8)?
2
Let h = 733 + -211. What is the tens digit of h?
2
Let r(z) = -3*z**3 - 9*z**2 - 6*z + 7. Let u be r(-5). Suppose -2*v - 4*q + 350 = 0, -q = -v + q + u. What is the hundreds digit of v?
1
Suppose -2*j = -0*j - 4. Suppose 2 = j*i - 246. What is the tens digit of i?
2
Suppose -2*f + 5*l = -1, 0 = 4*f - l - 9 - 2. Suppose 0 = s + f*s - 284. What is the tens digit of s?
7
Let c = -14 - -28. Suppose -c*s + 18*s = 0. Suppose 0 = -2*y - 4*a + 4, s = -y - 0*a + 5*a + 23. What is the units digit of y?
8
Let g = -1387 - -2024. What is the hundreds digit of g?
6
Suppose 2*i = -m + 2865, -2*m = 2*m + 4. What is the units digit of i?
3
Suppose 0 = -2*u - 17 - 79. What is the tens digit of 327/(-12)*u/6 + 3?
2
Let r be 2 + 4 + -3 - -1. Suppose -13 = -5*o - r*c, 3*c + 6 = c. Suppose -3 = -o*d + 17. What is the units digit of d?
4
Suppose 4*g = -3*b + 32, b + 2*g = 2*b + 6. Suppose 5*t + p + b*p - 210 = 0, -5*t + 3*p + 178 = 0. What is the tens digit of t?
3
Let n(s) = s**3 + 3. Let c be n(0). What is the tens digit of ((-1)/c*26)/(34/(-51))?
1
Suppose 6*j - 2934 + 6 = 0. What is the units digit of j?
8
Suppose -9 = -4*v - 5*n, -v - 2*v = -5*n + 2. Let x be -26*v*78/52. Let u = 78 + x. What is the units digit of u?
9
Let b = 3 - 0. Suppose b*l + 2*l = 285. What is the units digit of l/(0 - 9/(-6))?
8
Let t(b) = -b**3 + 13*b**2 + 12*b + 29. Let m be t(14). What is the tens digit of 183/6 + m/(-2)?
3
Let m(t) = 7*t**2 - t - 13. Let x be 12 - 12 - (-4)/(-1). What is the tens digit of m(x)?
0
Suppose 0 = -2*s + 2*b + 276, 288 = 4*s + b - 279. What is the units digit of s?
1
Let y be ((-20)/(-7))/(-6*5/(-105)). Suppose y*n = -14 + 334. What is the tens digit of n?
3
Let w(g) = -g**3 + g + 1. Let p(c) = -5*c**3 - 7*c**2 + 9*c + 23. Let y(s) = -p(s) + 4*w(s). What is the units digit of y(-6)?
7
Let u(s) = s**2 + s - 3. Let v be u(3). Suppose -3*h = v, 2*x = 3*x - 4*h - 81. What is the units digit of x?
9
Let n be (6 + -7)/(1/(-2)). Suppose -165 = -3*i + n*i. What is the tens digit of i?
6
Suppose 2*u + 5*a - 88 = 0, -119 = -3*u - 2*a + a. What is the units digit of u?
9
Let w be (-2)/(-7) + (-38)/(-14). Suppose 65 + 79 = w*b. Suppose -f = -m + 3*f + 54, -m + f = -b. What is the tens digit of m?
4
Let u = 229 - -311. What is the units digit of u?
0
Let v(u) = -u**2 - 11*u + 1. Let j(x) = x**3 + 17*x**2 + 17*x + 7. Let r be j(-16). What is the units digit of v(r)?
9
Let t(l) = 7*l + 4. Suppose 0 = 2*z + 4*z - 54. What is the units digit of t(z)?
7
Suppose -5484 = 8*o - 29196. What is the tens digit of o?
6
Let l = 1006 - 567. What is the tens digit of l?
3
Suppose 2*l + 2*l - 8 = 0. Suppose 0*f + l*f = 4. Suppose -v + f*b + 29 = 0, v + b - 25 = -b. What is the units digit of v?
7
Let b be 39 - 2*(-1)/2. Suppose 8 = -2*j + b. Suppose 2*r = 6*r - j. What is the units digit of r?
4
Let y(u) = -2*u**2 + 10*u + 4. Let w be y(5). Suppose -w*f + 45 = -171. What is the units digit of f?
4
What is the hundreds digit of ((-126)/70)/((-6)/1270)?
3
Let k be 0/(-2) + 399*-1. What is the units digit of k/(-1